{"id":66,"date":"2013-02-16T21:03:25","date_gmt":"2013-02-16T20:03:25","guid":{"rendered":"https:\/\/www.fotoshot.at\/?page_id=66"},"modified":"2016-04-02T22:26:07","modified_gmt":"2016-04-02T21:26:07","slug":"ausrustung","status":"publish","type":"page","link":"https:\/\/www.fotoshot.at\/?page_id=66","title":{"rendered":"Werkzeug"},"content":{"rendered":"<p><strong style=\"line-height: 1.714285714; font-size: 1rem;\">Kamera<\/strong><span style=\"line-height: 1.714285714; font-size: 1rem;\">:<\/span><\/p>\n<ul>\n<li><span style=\"font-size: 1rem; line-height: 1.714285714;\">CANON EOS 7D <\/span><\/li>\n<li><span style=\"font-size: 1rem; line-height: 1.714285714;\">CANON 5D Mark III<br \/>\n<\/span><\/li>\n<\/ul>\n<p><strong style=\"line-height: 1.714285714; font-size: 1rem;\">Objektive:<\/strong><\/p>\n<ul>\n<li><span style=\"font-size: 1rem; line-height: 1.714285714;\">Sigma 70-200 mm, F2,8 EX DG OS HSM, Filtergewinde: 77 mm<\/span><\/li>\n<li><span style=\"font-size: 1rem; line-height: 1.714285714;\">Tamron SP 24-70 mm, F\/2.8 Di VC USD, Filtergewinde: 82 mm<\/span><\/li>\n<li><span style=\"font-size: 1rem; line-height: 1.714285714;\">Canon EFS 15-85 mm, F1 : 3,5 &#8211; 5,6, Image Stabilizer, USM, Filtergewinde: 72 mm,Macro 0,35m\/1,2ft<\/span><\/li>\n<li><span style=\"font-size: 1rem; line-height: 1.714285714;\"><span style=\"font-size: 1rem; line-height: 1.714285714;\">Sigma 120-400 mm, F 4,5 &#8211; 5,6 DG OS HSM, Filtergewinde: 77 mm <\/span><\/span><\/li>\n<li><span style=\"font-size: 1rem; line-height: 1.714285714;\"><span style=\"font-size: 1rem; line-height: 1.714285714;\">Sigma 105 mm, 1:2,8 DG Macro HSM, Naheinstellgrenze 31,2 cm, kleinste Blende 22, gr\u00f6\u00dfter Abbildungsma\u00dfstab 1:1, Filtergewinde: 62 mm<\/span><\/span><\/li>\n<li><span style=\"font-size: 1rem; line-height: 1.714285714;\"><span style=\"font-size: 1rem; line-height: 1.714285714;\">Canon 50 mm 1:1,8 II, Naheinstellgrenze: ca. 45 cm, Filtergewinde: 52mm<\/span><\/span><\/li>\n<\/ul>\n<p><strong style=\"line-height: 1.714285714; font-size: 1rem;\">Blitz:<\/strong><\/p>\n<ul>\n<li><span style=\"font-size: 1rem; line-height: 1.714285714;\">2 x Yongnuo E-TTL YN-568EX II, Masterblitzfunktion bis 1\/8000s f\u00fcr Canon<\/span><\/li>\n<li><span style=\"font-size: 1rem; line-height: 1.714285714;\"><span style=\"font-size: 1rem; line-height: 1.714285714;\"> 1 x Yongnuo Speedlite YN560-II <\/span><\/span><\/li>\n<li><span style=\"font-size: 1rem; line-height: 1.714285714;\"><span style=\"font-size: 1rem; line-height: 1.714285714;\">4 xYongnuo YN-622C ETTL Funkausl\u00f6ser\/empf\u00e4nger<\/span><\/span><\/li>\n<\/ul>\n<p><span style=\"font-size: 1rem; line-height: 1.714285714;\"><span style=\"font-size: 1rem; line-height: 1.714285714;\">Stativ:<\/span><\/span><\/p>\n<ul>\n<li><span style=\"font-size: 1rem; line-height: 1.714285714;\"><span style=\"font-size: 1rem; line-height: 1.714285714;\"> Cullmann Magnesit 525M mit Kugelkopf CB7 <\/span><\/span><\/li>\n<li><span style=\"font-size: 1rem; line-height: 1.714285714;\"><span style=\"font-size: 1rem; line-height: 1.714285714;\"><span style=\"font-size: 1rem; line-height: 1.714285714;\">Kugelkopf Magnesit MB4 <\/span><\/span><\/span><\/li>\n<li><span style=\"font-size: 1rem; line-height: 1.714285714;\"><span style=\"font-size: 1rem; line-height: 1.714285714;\"><span style=\"font-size: 1rem; line-height: 1.714285714;\">Einbeinstativ <\/span><\/span><\/span><\/li>\n<\/ul>\n<p><span style=\"font-size: 1rem; line-height: 1.714285714;\"><span style=\"font-size: 1rem; line-height: 1.714285714;\"><span style=\"font-size: 1rem; line-height: 1.714285714;\">Zubeh\u00f6r: <\/span><\/span><\/span><\/p>\n<ul>\n<li><span style=\"font-size: 1rem; line-height: 1.714285714;\">Sigma Apo Tele Converter 2x EX DG <\/span><\/li>\n<li><span style=\"font-size: 1rem; line-height: 1.714285714;\"><span style=\"font-size: 1rem; line-height: 1.714285714;\">Meke Makro Zwischenringe 13mm\/21mm\/31mm <\/span><\/span><\/li>\n<li><span style=\"font-size: 1rem; line-height: 1.714285714;\"><span style=\"font-size: 1rem; line-height: 1.714285714;\">Novoflex Einstellschlitten Castel-Q <\/span><\/span><\/li>\n<li><span style=\"font-size: 1rem; line-height: 1.714285714;\"><span style=\"font-size: 1rem; line-height: 1.714285714;\">Novoflex Q=Plate PL 2, Klemmplatte 84mm (2 Schrauben 1\/4&#8243; u. 3\/8&#8243;) <\/span><\/span><\/li>\n<li><span style=\"font-size: 1rem; line-height: 1.714285714;\"><span style=\"font-size: 1rem; line-height: 1.714285714;\">Novoflex Cast-Fine Feinjustage-Griff f. Castel-Q<br \/>\n<\/span><\/span><\/li>\n<li><span style=\"font-size: 1rem; line-height: 1.714285714;\"><span style=\"font-size: 1rem; line-height: 1.714285714;\"><span style=\"font-size: 1rem; line-height: 1.714285714;\">Lastolite Ezybox Hotshoe Softbox 54&#215;54 cm <\/span><\/span><\/span><\/li>\n<li><span style=\"font-size: 1rem; line-height: 1.714285714;\"><span style=\"font-size: 1rem; line-height: 1.714285714;\"><span style=\"font-size: 1rem; line-height: 1.714285714;\">Delamax 5in1 Faltreflektoren, 107 cm Durchmesser, gold, silber, schwarz, weiss und Diffusor <\/span><\/span><\/span><\/li>\n<li><span style=\"font-size: 1rem; line-height: 1.714285714;\"><span style=\"font-size: 1rem; line-height: 1.714285714;\"><span style=\"font-size: 1rem; line-height: 1.714285714;\">Dyna Sun H2258W957 Reflektorhalter mit Klemme, Stativ <\/span><\/span><\/span><\/li>\n<li><span style=\"font-size: 1rem; line-height: 1.714285714;\"><span style=\"font-size: 1rem; line-height: 1.714285714;\"><span style=\"font-size: 1rem; line-height: 1.714285714;\">2x Durchlichtschirm weiss <\/span><\/span><\/span><\/li>\n<li><span style=\"font-size: 1rem; line-height: 1.714285714;\"><span style=\"font-size: 1rem; line-height: 1.714285714;\"><span style=\"font-size: 1rem; line-height: 1.714285714;\">Jinbei E-20, 20cm, Pop-Up-Diffusor Softbox \/ Octobox f\u00fcr Aufsteck-\/Systemblitz <\/span><\/span><\/span><\/li>\n<li><span style=\"font-size: 1rem; line-height: 1.714285714;\"><span style=\"font-size: 1rem; line-height: 1.714285714;\"><span style=\"font-size: 1rem; line-height: 1.714285714;\">Sun Sniper Kameragurt <\/span><\/span><\/span><\/li>\n<li><span style=\"font-size: 1rem; line-height: 1.714285714;\"><span style=\"font-size: 1rem; line-height: 1.714285714;\"><span style=\"font-size: 1rem; line-height: 1.714285714;\">Kabelfernausl\u00f6ser MeiKe <\/span><\/span><\/span><\/li>\n<li><span style=\"font-size: 1rem; line-height: 1.714285714;\"><span style=\"font-size: 1rem; line-height: 1.714285714;\"><span style=\"font-size: 1rem; line-height: 1.714285714;\">JJC Infrarot Funkfernausl\u00f6ser div. UV-Filter v. Hoya, Sigma (2x77mm, 1x82mm, 1x72mm), 1 ND Graufilter ND x16 v. Hoya (72mm)<br \/>\n<\/span><\/span><\/span><\/li>\n<li><span style=\"font-size: 1rem; line-height: 1.714285714;\"><span style=\"font-size: 1rem; line-height: 1.714285714;\"><span style=\"font-size: 1rem; line-height: 1.714285714;\"> 1xKATA Sling-Rucksack 3N130<\/span><\/span><\/span><span style=\"font-size: 1rem; line-height: 1.714285714;\"><span style=\"font-size: 1rem; line-height: 1.714285714;\"><br \/>\n<\/span><\/span><\/li>\n<\/ul>\n<p>&nbsp;<\/p>\n<p>&nbsp;<\/p>\n","protected":false},"excerpt":{"rendered":"<p>Kamera: CANON EOS 7D CANON 5D Mark III Objektive: Sigma 70-200 mm, F2,8 EX DG OS HSM, Filtergewinde: 77 mm Tamron SP 24-70 mm, F\/2.8 Di VC USD, Filtergewinde: 82 mm Canon EFS 15-85 mm, F1 : 3,5 &#8211; 5,6, Image Stabilizer, USM, Filtergewinde: 72 mm,Macro 0,35m\/1,2ft Sigma 120-400 mm, F 4,5 &#8211; 5,6 DG [&hellip;]<\/p>\n","protected":false},"author":2,"featured_media":0,"parent":0,"menu_order":0,"comment_status":"closed","ping_status":"closed","template":"","meta":{"ngg_post_thumbnail":0,"footnotes":""},"class_list":["post-66","page","type-page","status-publish","hentry","missing-thumbnail"],"_links":{"self":[{"href":"https:\/\/www.fotoshot.at\/index.php?rest_route=\/wp\/v2\/pages\/66","targetHints":{"allow":["GET"]}}],"collection":[{"href":"https:\/\/www.fotoshot.at\/index.php?rest_route=\/wp\/v2\/pages"}],"about":[{"href":"https:\/\/www.fotoshot.at\/index.php?rest_route=\/wp\/v2\/types\/page"}],"author":[{"embeddable":true,"href":"https:\/\/www.fotoshot.at\/index.php?rest_route=\/wp\/v2\/users\/2"}],"replies":[{"embeddable":true,"href":"https:\/\/www.fotoshot.at\/index.php?rest_route=%2Fwp%2Fv2%2Fcomments&post=66"}],"version-history":[{"count":71,"href":"https:\/\/www.fotoshot.at\/index.php?rest_route=\/wp\/v2\/pages\/66\/revisions"}],"predecessor-version":[{"id":1063,"href":"https:\/\/www.fotoshot.at\/index.php?rest_route=\/wp\/v2\/pages\/66\/revisions\/1063"}],"wp:attachment":[{"href":"https:\/\/www.fotoshot.at\/index.php?rest_route=%2Fwp%2Fv2%2Fmedia&parent=66"}],"curies":[{"name":"wp","href":"https:\/\/api.w.org\/{rel}","templated":true}]}}